 common factor of f and 21.
7
Let n(y) = 29*y + 17*y + 6 + 5*y**2 + 4 + 20*y. Let v be n(-14). Calculate the highest common factor of 6 and v.
6
Suppose 5*c - 3*c + 3*a = 2640, 6595 = 5*c + 5*a. Suppose -3*u - 4*w + c = -7*w, 2230 = 5*u + 2*w. Calculate the greatest common factor of 24 and u.
12
Let b = 1527 - 1495. What is the highest common divisor of b and 64?
32
Let f(h) = 3*h**2 + 6*h + 4. Let o be f(-4). Let g = -14 + o. Let y = 43524 + -43398. What is the highest common divisor of g and y?
14
Suppose -2*a + 4*w + 18 = 2*w, 4*a = 3*w + 31. Suppose -3*d - 47 = a. Let i be (-7 + 3)*1 - d*1. What is the greatest common factor of 52 and i?
13
Let d be 12/80 + (-1911)/(-60). What is the highest common factor of d and 188?
4
Suppose 3*x = -3*a + 78, 0 = -3*x - 9*a + 7*a + 78. What is the greatest common factor of x and 351?
13
Suppose 0 = -71*n + 4*n + 1340. Let v = -51 - -34. Let z = v - -37. What is the greatest common factor of z and n?
20
Suppose 15*r - 2304 = -r. Calculate the greatest common factor of r and 2574.
18
Suppose 2*r = 200 + 310. Let l(z) = 5*z**2 + 69*z - 419. Let p be l(5). Calculate the greatest common factor of p and r.
51
Let r be (-2 + 9)/((-2)/(12/(-6))). Let l be -2 + 16/4 + -5. Let v be -1 - (l + -12 + 0). What is the highest common divisor of v and r?
7
Suppose -4*m = -4*p - 16, 0 = -2*p - 5*m - 5 + 18. Let n be (2*p - 1) + 360/6. Let d = n - 53. What is the highest common factor of 1 and d?
1
Let t(d) = d**2 - 12*d + 8. Let p be t(6). Let w be 4/p + 211/7. Let k(s) = s**2 - 24*s + 170. Let v be k(10). What is the greatest common divisor of w and v?
30
Let s(c) = c**3 + 8*c**2 + 2*c + 10. Suppose 0*v - 2*v + 0*v = 0. Suppose v*l - 55 = 11*l. Let u be s(l). What is the greatest common divisor of 30 and u?
15
Suppose -7*h - 78 + 197 = 0. Suppose 4*m = 20, -m + h = 4*l - 64. What is the greatest common factor of 1 and l?
1
Suppose 0 = -5*z + 15, 2218 = 3*n + 11*z - 3785. Calculate the greatest common factor of 100 and n.
10
Let t(k) = -k**2 - 284*k + 1756. Let d be t(6). Calculate the highest common divisor of 34096 and d.
16
Let a be (2/(-3) - -2)*(-69)/(-23). Suppose 9*u - 12*u + 39 = a*n, -4*n = -3*u - 57. Calculate the greatest common divisor of 492 and n.
12
Let f be 36/84 - (-158)/7 - 0. Suppose -10*t - f = -153. Let k(w) = w**2 - w + 1. Let g be k(-3). What is the highest common factor of t and g?
13
Suppose a + y - 5*y = 21, -4*a - y = -16. Suppose 5*j - 110 = -3*l + 39, -15 = -a*l. Suppose -3*r = -4*r + j. Calculate the greatest common divisor of 7 and r.
7
Let w(a) = 17*a**2 + a. Let o(m) = 37 - 30 - 17 - 4*m. Let k be o(-3). Let h be w(k). Calculate the greatest common factor of h and 28.
14
Suppose -7*v + 220 = -3*v. Let f = 10 + v. Calculate the highest common factor of f and 130.
65
Let r = -1586 - -2391. Calculate the highest common factor of 35 and r.
35
Let k(v) = 3*v**2 + 2214*v + 536. Let l be k(0). Suppose -36 = -5*n + 4. What is the highest common factor of n and l?
8
Suppose -7*h - 189 = -14*h. Suppose h*t = 23*t + 144. Suppose 2*c = 4*f - 9*f + 128, 2*c = -4*f + 124. What is the greatest common factor of t and c?
18
Let c(b) = -10*b**3 + 2*b**2 - 3 - 22*b**3 + 2. Let o be c(-1). Suppose -111*a = -118*a + 21. What is the highest common divisor of o and a?
3
Suppose -5*z + n = -1510, -100*z + 103*z - 898 = -n. Calculate the greatest common factor of z and 224.
7
Suppose -3*x = 5*w + 2*x + 84280, -w = -x + 16848. Let t be w/(-308) - 4/(-14). Calculate the highest common factor of t and 99.
11
Let i be 36624/63 - 21 - (-2 + 21/9). Calculate the highest common factor of 154 and i.
14
Let j(c) = 27*c + 1112. Let q be j(-38). What is the greatest common factor of 5633 and q?
43
Suppose 7592 = -844*y + 846*y. Calculate the highest common divisor of 52 and y.
52
Suppose 3*l - 17216 = -2*w, 1542*w - 34416 = 1538*w - 2*l. What is the greatest common factor of w and 44?
22
Suppose -692 = 4*d + 5*f, 4*d + 534 = f - 158. Let k = d - -175. Calculate the greatest common factor of 16 and k.
2
Let r(u) = -u**3 - 18*u**2 + 32*u + 45. Let h be r(-20). What is the greatest common divisor of 35 and h?
5
Suppose -x - 36 = 4*y - 95, x - y - 54 = 0. Let c = -474 - -478. Let d be (-1 + 12)/((-4)/c*-1). Calculate the greatest common divisor of d and x.
11
Let m be 2 + (383 - 2)/((-174)/(-754)). Calculate the highest common factor of m and 855.
57
Let a(v) = 51*v**2 + v - 2. Let h be a(1). Let y = h - 48. Suppose 5*k = -3*w - 4, 0 = y*w - 6*w - 4*k + 8. What is the highest common divisor of 28 and w?
7
Let s be 118/(-4)*(25 - -1). Let r = s + 1185. Calculate the greatest common divisor of 22 and r.
22
Suppose -2*y + 64482 = y - 4*s, -y + 21526 = 4*s. What is the greatest common factor of 26 and y?
26
Let j = 359 + -328. Let l be (19 - j)*(-112)/3. What is the highest common factor of l and 8?
8
Suppose 0 = 12*d + 36*d - 30*d - 990. What is the highest common divisor of 2 and d?
1
Let l(r) = 2*r**3 + 7*r**2 + 23*r + 69. Let w be l(-3). Let s = -282 + 651. What is the greatest common factor of w and s?
9
Let i be (4/8 - 2/(-4))*137. Let b = 149 - i. What is the highest common divisor of 192 and b?
12
Let d(s) = s**3 - 14*s**2 - 93*s - 26. Let r be d(19). What is the greatest common factor of r and 1800?
12
Suppose -4*k = b - 67083, 3*k - b = 6*k - 50313. Calculate the greatest common factor of k and 3.
3
Let l = -55 + -71. Let c = -39 - l. Let p = -53 + c. Calculate the greatest common divisor of p and 170.
34
Suppose 0*o - 3130 = -10*o. Let t be (219/12)/(2/(-8)). Let i = t + o. Calculate the greatest common factor of 30 and i.
30
Let y be (12/7)/(23 + 16405/(-714)). Calculate the highest common factor of 300 and y.
12
Suppose 8*d + 6*d = 3*d. Suppose 0 = 5*v - 4*p - 226, -4*p - p + 5 = d. Calculate the greatest common divisor of v and 207.
23
Let t = 1550 + -2570. Let j = t + 1506. Suppose 2*o = 3*o - 54. Calculate the greatest common divisor of o and j.
54
Let b be (-1)/2*(-19)/((-152)/(-16992)). Suppose 8 = n + 6, -n = -4*a + b. Calculate the greatest common factor of 42 and a.
14
Suppose 12*b = -47*b + 200600. What is the highest common factor of 40 and b?
40
Let j be 6*(-8197)/(-210) + 2/(-10). Calculate the highest common factor of j and 143.
13
Let s(n) = -2*n**2 - 54*n + 2. Let z be s(-27). Suppose 3*g - 33 = z*f + 96, -g + 39 = -2*f. What is the greatest common factor of 255 and g?
15
Let k(y) = -y - 3*y + 386 - 602 - 2*y. Let r be k(-39). What is the highest common divisor of 45 and r?
9
Suppose 219*v - 4194 - 360 = -1299*v. Let t = -279 - -513. What is the highest common divisor of v and t?
3
Let a be 42*(-15363)/(-162) + -1. Calculate the highest common factor of 1629 and a.
181
Let z(a) = -5*a + 143. Let v be z(30). Let i be v/(-1) - 4/(-2). Calculate the highest common divisor of 270 and i.
9
Let k(r) = -60*r + 1125. Let f be k(4). Calculate the highest common divisor of 25 and f.
5
Suppose -2*v = 4*i - 88, 5*v - v = 4*i - 76. Calculate the highest common factor of 7287 and i.
21
Let t = -358 + 360. Suppose -l = 4*k - 12 + t, -k - 47 = -2*l. What is the highest common divisor of 2 and l?
2
Let c(f) = f**2 - 5*f + 4. Let v be c(4). Let u(n) = 7*n + 245. Let j be u(v). Calculate the highest common divisor of 35 and j.
35
Suppose 5*r + 5*x = 95, 0 = 2*r - x - 40 + 8. Let b be 34/3*(-1899)/(-1266). Calculate the highest common divisor of b and r.
17
Let f be (0 + -4 + 835/15)*33. Suppose 2*a = 3*t + f, 4 - 10 = 2*t. What is the greatest common divisor of a and 8?
8
Suppose y + 3*o - 91 = 50, 529 = 4*y + 5*o. What is the greatest common factor of y and 5418?
126
Suppose 2324 = -13*t + 3234. What is the highest common factor of 196 and t?
14
Let n(o) = 6*o - 4. Let k be n(1). Suppose 15*i - 1261 = k*i. Let h = i + -85. What is the highest common factor of h and 48?
12
Let a(s) = -s**2 - s - 12. Let c be a(0). Let d = c + 72. Suppose 103 = -f + 100, 0 = r + 3*f - 31. Calculate the highest common divisor of d and r.
20
Suppose 31 = 2*d - 1. Let z(o) = -2*o + 51. Let r be z(d). What is the greatest common factor of r and 133?
19
Let y(k) = -5*k**2 + 2*k**2 + 4*k**3 - 4 - 3*k**3 - k + 16. Let w = 185 - 181. Let o be y(w). Calculate the highest common divisor of o and 48.
24
Suppose -2*d - 6 = 5*u, 2*d - 3*u + 0 = 10.